{"id":13,"date":"2011-06-27T20:56:42","date_gmt":"2011-06-27T19:56:42","guid":{"rendered":"http:\/\/ttmooney.com\/?page_id=10"},"modified":"2025-02-24T12:33:10","modified_gmt":"2025-02-24T12:33:10","slug":"contact-ttm","status":"publish","type":"page","link":"https:\/\/sinjins.com\/?page_id=13","title":{"rendered":"Contact"},"content":{"rendered":"\n<div class=\"wpcf7 no-js\" id=\"wpcf7-f7-o1\" lang=\"en-US\" dir=\"ltr\" data-wpcf7-id=\"7\">\n<div class=\"screen-reader-response\"><p role=\"status\" aria-live=\"polite\" aria-atomic=\"true\"><\/p> <ul><\/ul><\/div>\n<form action=\"\/index.php?rest_route=%2Fwp%2Fv2%2Fpages%2F13#wpcf7-f7-o1\" method=\"post\" class=\"wpcf7-form init\" aria-label=\"Contact form\" novalidate=\"novalidate\" data-status=\"init\">\n<fieldset class=\"hidden-fields-container\"><input type=\"hidden\" name=\"_wpcf7\" value=\"7\" \/><input type=\"hidden\" name=\"_wpcf7_version\" value=\"6.1.4\" \/><input type=\"hidden\" name=\"_wpcf7_locale\" value=\"en_US\" \/><input type=\"hidden\" name=\"_wpcf7_unit_tag\" value=\"wpcf7-f7-o1\" \/><input type=\"hidden\" name=\"_wpcf7_container_post\" value=\"0\" \/><input type=\"hidden\" name=\"_wpcf7_posted_data_hash\" value=\"\" \/><input type=\"hidden\" name=\"_wpcf7_recaptcha_response\" value=\"\" \/>\n<\/fieldset>\n<p class=\"form-directions\">Use the form below to contact us. Please ensure all fields have been completed before sending your message.\n<\/p>\n<p id=\"name\"><label><strong>Name<\/strong><br \/>\n<span class=\"wpcf7-form-control-wrap\" data-name=\"CustomerName\"><input size=\"40\" maxlength=\"400\" class=\"wpcf7-form-control wpcf7-text wpcf7-validates-as-required\" aria-required=\"true\" aria-invalid=\"false\" placeholder=\"Enter your name here\" value=\"\" type=\"text\" name=\"CustomerName\" \/><\/span><\/label>\n<\/p>\n<p id=\"email\"><label><strong>Email<\/strong><br \/>\n<span class=\"wpcf7-form-control-wrap\" data-name=\"CustomerEmail\"><input size=\"40\" maxlength=\"400\" class=\"wpcf7-form-control wpcf7-email wpcf7-validates-as-required wpcf7-text wpcf7-validates-as-email\" aria-required=\"true\" aria-invalid=\"false\" placeholder=\"Enter your email here\" value=\"\" type=\"email\" name=\"CustomerEmail\" \/><\/span><\/label>\n<\/p>\n<p id=\"phone\"><strong>Phone<\/strong>\n<\/p>\n<p><label>Country Code<br \/>\n<span class=\"wpcf7-form-control-wrap\" data-name=\"CustomerIntlCode\"><select class=\"wpcf7-form-control wpcf7-select wpcf7-validates-as-required\" aria-required=\"true\" aria-invalid=\"false\" name=\"CustomerIntlCode\"><option value=\"\">&#8212;Please choose an option&#8212;<\/option><option value=\"Afghanistan +93\">Afghanistan +93<\/option><option value=\"Albania +355\">Albania +355<\/option><option value=\"Algeria +213\">Algeria +213<\/option><option value=\"American Samoa +1 684\">American Samoa +1 684<\/option><option value=\"Andorra +376\">Andorra +376<\/option><option value=\"Angola +244\">Angola +244<\/option><option value=\"Anguilla +1 2w64\">Anguilla +1 2w64<\/option><option value=\"Antarctica +672\">Antarctica +672<\/option><option value=\"Antigua and Barbuda +1 268\">Antigua and Barbuda +1 268<\/option><option value=\"Argentina +54\">Argentina +54<\/option><option value=\"Armenia +374\">Armenia +374<\/option><option value=\"Aruba +297\">Aruba +297<\/option><option value=\"Australia +61\">Australia +61<\/option><option value=\"Austria +43\">Austria +43<\/option><option value=\"Azerbaijan +994\">Azerbaijan +994<\/option><option value=\"\u00c5land Islands +358\">\u00c5land Islands +358<\/option><option value=\"Bahamas +1 242\">Bahamas +1 242<\/option><option value=\"Bahrain +973\">Bahrain +973<\/option><option value=\"Bangladesh +880\">Bangladesh +880<\/option><option value=\"Barbados +1 246\">Barbados +1 246<\/option><option value=\"Belarus +375\">Belarus +375<\/option><option value=\"Belgium +32\">Belgium +32<\/option><option value=\"Belize +501\">Belize +501<\/option><option value=\"Benin +229\">Benin +229<\/option><option value=\"Bermuda +1 441\">Bermuda +1 441<\/option><option value=\"Bhutan +975\">Bhutan +975<\/option><option value=\"Bolivia +591\">Bolivia +591<\/option><option value=\"Bosnia and Herzegovina +387\">Bosnia and Herzegovina +387<\/option><option value=\"Botswana +267\">Botswana +267<\/option><option value=\"Brazil +55\">Brazil +55<\/option><option value=\"British Indian Ocean Territory +246\">British Indian Ocean Territory +246<\/option><option value=\"Brunei Darussalam +673\">Brunei Darussalam +673<\/option><option value=\"Bulgaria +359\">Bulgaria +359<\/option><option value=\"Burkina Faso +226\">Burkina Faso +226<\/option><option value=\"Burundi +257\">Burundi +257<\/option><option value=\"Cambodia +855\">Cambodia +855<\/option><option value=\"Cameroon +237\">Cameroon +237<\/option><option value=\"Canada +1\">Canada +1<\/option><option value=\"Cape Verde +238\">Cape Verde +238<\/option><option value=\"Cayman Islands +1 345\">Cayman Islands +1 345<\/option><option value=\"Central African Republic +236\">Central African Republic +236<\/option><option value=\"Chad +235\">Chad +235<\/option><option value=\"Chile +56\">Chile +56<\/option><option value=\"China +86\">China +86<\/option><option value=\"Christmas Island +61\">Christmas Island +61<\/option><option value=\"Cocos (Keeling) Islands +61\">Cocos (Keeling) Islands +61<\/option><option value=\"Colombia +57\">Colombia +57<\/option><option value=\"Comoros +269\">Comoros +269<\/option><option value=\"Democratic Republic of the Congo +243\">Democratic Republic of the Congo +243<\/option><option value=\"Republic of the Congo +242\">Republic of the Congo +242<\/option><option value=\"Cook Islands +682\">Cook Islands +682<\/option><option value=\"Costa Rica +506\">Costa Rica +506<\/option><option value=\"C\u00f4te d&#039;Ivoire +225\">C\u00f4te d&#039;Ivoire +225<\/option><option value=\"Croatia +385\">Croatia +385<\/option><option value=\"Cuba +53\">Cuba +53<\/option><option value=\"Cura\u00e7ao +599\">Cura\u00e7ao +599<\/option><option value=\"Cyprus +357\">Cyprus +357<\/option><option value=\"Czech Republic +420\">Czech Republic +420<\/option><option value=\"Denmark +45\">Denmark +45<\/option><option value=\"Djibouti +253\">Djibouti +253<\/option><option value=\"Dominica +1 767\">Dominica +1 767<\/option><option value=\"Dominican Republic +1 849\">Dominican Republic +1 849<\/option><option value=\"Ecuador +593\">Ecuador +593<\/option><option value=\"Egypt +20\">Egypt +20<\/option><option value=\"El Salvador +503\">El Salvador +503<\/option><option value=\"Equatorial Guinea +240\">Equatorial Guinea +240<\/option><option value=\"Eritrea +291\">Eritrea +291<\/option><option value=\"Estonia +372\">Estonia +372<\/option><option value=\"Ethiopia +251\">Ethiopia +251<\/option><option value=\"Falkland Islands +500\">Falkland Islands +500<\/option><option value=\"Faroe Islands +298\">Faroe Islands +298<\/option><option value=\"Fiji +679\">Fiji +679<\/option><option value=\"Finland +358\">Finland +358<\/option><option value=\"France +33\">France +33<\/option><option value=\"French Guiana +594\">French Guiana +594<\/option><option value=\"French Polynesia +689\">French Polynesia +689<\/option><option value=\"Gabon +241\">Gabon +241<\/option><option value=\"Gambia +220\">Gambia +220<\/option><option value=\"Georgia +995\">Georgia +995<\/option><option value=\"Germany +49\">Germany +49<\/option><option value=\"Ghana +233\">Ghana +233<\/option><option value=\"Gibraltar +350\">Gibraltar +350<\/option><option value=\"Greece +30\">Greece +30<\/option><option value=\"Greenland +299\">Greenland +299<\/option><option value=\"Grenada +1 473\">Grenada +1 473<\/option><option value=\"Guadeloupe +590\">Guadeloupe +590<\/option><option value=\"Guam +1 671\">Guam +1 671<\/option><option value=\"Guatemala +502\">Guatemala +502<\/option><option value=\"Guernsey +44\">Guernsey +44<\/option><option value=\"Guinea +224\">Guinea +224<\/option><option value=\"Guinea-Bissau +245\">Guinea-Bissau +245<\/option><option value=\"Guyana +592\">Guyana +592<\/option><option value=\"Haiti +509\">Haiti +509<\/option><option value=\"Honduras +504\">Honduras +504<\/option><option value=\"Hong Kong +852\">Hong Kong +852<\/option><option value=\"Hungary +36\">Hungary +36<\/option><option value=\"Iceland +354\">Iceland +354<\/option><option value=\"India +91\">India +91<\/option><option value=\"Indonesia +62\">Indonesia +62<\/option><option value=\"Iran +98\">Iran +98<\/option><option value=\"Iraq +964\">Iraq +964<\/option><option value=\"Ireland +353\">Ireland +353<\/option><option value=\"Isle of Man +44\">Isle of Man +44<\/option><option value=\"Israel +972\">Israel +972<\/option><option value=\"Italy +39\">Italy +39<\/option><option value=\"Jamaica +1 876\">Jamaica +1 876<\/option><option value=\"Japan +81\">Japan +81<\/option><option value=\"Jersey +44\">Jersey +44<\/option><option value=\"Jordan +962\">Jordan +962<\/option><option value=\"Kazakhstan +7 7\">Kazakhstan +7 7<\/option><option value=\"Kenya +254\">Kenya +254<\/option><option value=\"Kiribati +686\">Kiribati +686<\/option><option value=\"Kuwait +965\">Kuwait +965<\/option><option value=\"Kyrgyzstan +996\">Kyrgyzstan +996<\/option><option value=\"Laos +856\">Laos +856<\/option><option value=\"Latvia +371\">Latvia +371<\/option><option value=\"Lebanon +961\">Lebanon +961<\/option><option value=\"Lesotho +266\">Lesotho +266<\/option><option value=\"Liberia +231\">Liberia +231<\/option><option value=\"Libya +218\">Libya +218<\/option><option value=\"Liechtenstein +423\">Liechtenstein +423<\/option><option value=\"Lithuania +370\">Lithuania +370<\/option><option value=\"Luxembourg +352\">Luxembourg +352<\/option><option value=\"Macao +853\">Macao +853<\/option><option value=\"Macedonia +389\">Macedonia +389<\/option><option value=\"Madagascar +261\">Madagascar +261<\/option><option value=\"Malawi +265\">Malawi +265<\/option><option value=\"Malaysia +60\">Malaysia +60<\/option><option value=\"Maldives +960\">Maldives +960<\/option><option value=\"Mali +223\">Mali +223<\/option><option value=\"Malta +356\">Malta +356<\/option><option value=\"Marshall Islands +692\">Marshall Islands +692<\/option><option value=\"Martinique +596\">Martinique +596<\/option><option value=\"Mauritania +222\">Mauritania +222<\/option><option value=\"Mauritius +230\">Mauritius +230<\/option><option value=\"Mayotte +262\">Mayotte +262<\/option><option value=\"Mexico +52\">Mexico +52<\/option><option value=\"Micronesia +691\">Micronesia +691<\/option><option value=\"Moldova +373\">Moldova +373<\/option><option value=\"Monaco +377\">Monaco +377<\/option><option value=\"Mongolia +976\">Mongolia +976<\/option><option value=\"Montenegro +382\">Montenegro +382<\/option><option value=\"Montserrat +1 664\">Montserrat +1 664<\/option><option value=\"Morocco +212\">Morocco +212<\/option><option value=\"Mozambique +258\">Mozambique +258<\/option><option value=\"Myanmar (Burma) +95\">Myanmar (Burma) +95<\/option><option value=\"Namibia +264\">Namibia +264<\/option><option value=\"Nauru +674\">Nauru +674<\/option><option value=\"Nepal +977\">Nepal +977<\/option><option value=\"Netherlands +31\">Netherlands +31<\/option><option value=\"New Caledonia +687\">New Caledonia +687<\/option><option value=\"New Zealand +64\">New Zealand +64<\/option><option value=\"Nicaragua +505\">Nicaragua +505<\/option><option value=\"Niger +227\">Niger +227<\/option><option value=\"Nigeria +234\">Nigeria +234<\/option><option value=\"Niue +683\">Niue +683<\/option><option value=\"Norfolk Island +672\">Norfolk Island +672<\/option><option value=\"North Korea +850\">North Korea +850<\/option><option value=\"Northern Mariana Islands +1 670\">Northern Mariana Islands +1 670<\/option><option value=\"Norway +47\">Norway +47<\/option><option value=\"Oman +968\">Oman +968<\/option><option value=\"Pakistan +92\">Pakistan +92<\/option><option value=\"Palau +680\">Palau +680<\/option><option value=\"Palestine +970\">Palestine +970<\/option><option value=\"Panama +507\">Panama +507<\/option><option value=\"Papua New Guinea +675\">Papua New Guinea +675<\/option><option value=\"Paraguay +595\">Paraguay +595<\/option><option value=\"Peru +51\">Peru +51<\/option><option value=\"Philippines +63\">Philippines +63<\/option><option value=\"Pitcairn +64\">Pitcairn +64<\/option><option value=\"Poland +48\">Poland +48<\/option><option value=\"Portugal +351\">Portugal +351<\/option><option value=\"Puerto Rico +1 939\">Puerto Rico +1 939<\/option><option value=\"Qatar +974\">Qatar +974<\/option><option value=\"R\u00e9union +262\">R\u00e9union +262<\/option><option value=\"Romania +40\">Romania +40<\/option><option value=\"Russian Federation +7\">Russian Federation +7<\/option><option value=\"Rwanda +250\">Rwanda +250<\/option><option value=\"Saint Barth\u00e9lemy +590\">Saint Barth\u00e9lemy +590<\/option><option value=\"Saint Helena +290\">Saint Helena +290<\/option><option value=\"Saint Kitts and Nevis +1 869\">Saint Kitts and Nevis +1 869<\/option><option value=\"Saint Lucia +1 758\">Saint Lucia +1 758<\/option><option value=\"Saint Martin +590\">Saint Martin +590<\/option><option value=\"Saint Pierre and Miquelon +508\">Saint Pierre and Miquelon +508<\/option><option value=\"Saint Vincent and the Grenadines +1 784\">Saint Vincent and the Grenadines +1 784<\/option><option value=\"Samoa +685\">Samoa +685<\/option><option value=\"San Marino +378\">San Marino +378<\/option><option value=\"S\u00e3o Tom\u00e9 and Pr\u00edncipe +239\">S\u00e3o Tom\u00e9 and Pr\u00edncipe +239<\/option><option value=\"Saudi Arabia +966\">Saudi Arabia +966<\/option><option value=\"Senegal +221\">Senegal +221<\/option><option value=\"Serbia +381\">Serbia +381<\/option><option value=\"Seychelles +248\">Seychelles +248<\/option><option value=\"Sierra Leone +232\">Sierra Leone +232<\/option><option value=\"Singapore +65\">Singapore +65<\/option><option value=\"Slovakia +421\">Slovakia +421<\/option><option value=\"Slovenia +386\">Slovenia +386<\/option><option value=\"Solomon Islands +677\">Solomon Islands +677<\/option><option value=\"Somalia +252\">Somalia +252<\/option><option value=\"South Africa +27\">South Africa +27<\/option><option value=\"South Georgia +500\">South Georgia +500<\/option><option value=\"South Korea +82\">South Korea +82<\/option><option value=\"Spain +34\">Spain +34<\/option><option value=\"Sri Lanka +94\">Sri Lanka +94<\/option><option value=\"Sudan +249\">Sudan +249<\/option><option value=\"Suriname +597\">Suriname +597<\/option><option value=\"Svalbard and Jan Mayen +47\">Svalbard and Jan Mayen +47<\/option><option value=\"Swaziland +268\">Swaziland +268<\/option><option value=\"Sweden +46\">Sweden +46<\/option><option value=\"Switzerland +41\">Switzerland +41<\/option><option value=\"Syria +963\">Syria +963<\/option><option value=\"Taiwan +886\">Taiwan +886<\/option><option value=\"Tajikistan +992\">Tajikistan +992<\/option><option value=\"Tanzania +255\">Tanzania +255<\/option><option value=\"Thailand +66\">Thailand +66<\/option><option value=\"Timor-Leste +670\">Timor-Leste +670<\/option><option value=\"Togo +228\">Togo +228<\/option><option value=\"Tokelau +690\">Tokelau +690<\/option><option value=\"Tonga +676\">Tonga +676<\/option><option value=\"Trinidad and Tobago +1 868\">Trinidad and Tobago +1 868<\/option><option value=\"Tunisia +216\">Tunisia +216<\/option><option value=\"Turkey +90\">Turkey +90<\/option><option value=\"Turkmenistan +993\">Turkmenistan +993<\/option><option value=\"Turks and Caicos Islands +1 649\">Turks and Caicos Islands +1 649<\/option><option value=\"Tuvalu +688\">Tuvalu +688<\/option><option value=\"Uganda +256\">Uganda +256<\/option><option value=\"Ukraine +380\">Ukraine +380<\/option><option value=\"United Arab Emirates +971\">United Arab Emirates +971<\/option><option value=\"United Kingdom +44\">United Kingdom +44<\/option><option value=\"United States +1\">United States +1<\/option><option value=\"Uruguay +598\">Uruguay +598<\/option><option value=\"Uzbekistan +998\">Uzbekistan +998<\/option><option value=\"Vanuatu +678\">Vanuatu +678<\/option><option value=\"Vatican City +379\">Vatican City +379<\/option><option value=\"Venezuela +58\">Venezuela +58<\/option><option value=\"Vietnam +84\">Vietnam +84<\/option><option value=\"Virgin Islands (British) +1 284\">Virgin Islands (British) +1 284<\/option><option value=\"Virgin Islands (US) +1 340\">Virgin Islands (US) +1 340<\/option><option value=\"Wallis and Futuna +681\">Wallis and Futuna +681<\/option><option value=\"Yemen +967\">Yemen +967<\/option><option value=\"Zambia +260\">Zambia +260<\/option><option value=\"Zimbabwe +263\">Zimbabwe +263<\/option><\/select><\/span><\/label><br \/>\n<label>Number<br \/>\n<span class=\"wpcf7-form-control-wrap\" data-name=\"CustomerPhone\"><input size=\"40\" maxlength=\"400\" class=\"wpcf7-form-control wpcf7-tel wpcf7-validates-as-required wpcf7-text wpcf7-validates-as-tel\" aria-required=\"true\" aria-invalid=\"false\" placeholder=\"Enter phone number here\" value=\"\" type=\"tel\" name=\"CustomerPhone\" \/><\/span><\/label>\n<\/p>\n<p id=\"subject\"><label><strong>Subject<\/strong><br \/>\n<span class=\"wpcf7-form-control-wrap\" data-name=\"CustomerSubject\"><input size=\"40\" maxlength=\"400\" class=\"wpcf7-form-control wpcf7-text\" aria-invalid=\"false\" placeholder=\"Enter message subject here\" value=\"\" type=\"text\" name=\"CustomerSubject\" \/><\/span><\/label>\n<\/p>\n<p id=\"message\"><label><strong>Message<\/strong><br \/>\n<span class=\"wpcf7-form-control-wrap\" data-name=\"CustomerMessage\"><textarea cols=\"40\" rows=\"10\" maxlength=\"2000\" class=\"wpcf7-form-control wpcf7-textarea\" aria-invalid=\"false\" placeholder=\"Enter your message here\" name=\"CustomerMessage\"><\/textarea><\/span><\/label>\n<\/p>\n<p id=\"consent\"><span class=\"wpcf7-form-control-wrap\" data-name=\"CustomerConsent\"><span class=\"wpcf7-form-control wpcf7-acceptance\"><span class=\"wpcf7-list-item\"><label><input type=\"checkbox\" name=\"CustomerConsent\" value=\"1\" aria-invalid=\"false\" \/><span class=\"wpcf7-list-item-label\"><span class=\"gdpr-consent-label\">GDPR Consent<\/span><br><br>By selecting the General Data Protection Regulation (GDPR) Consent checkbox above and submitting this form, I hereby authorise Developing Infrastructure to store and use the data I have supplied, for the purpose of contacting me in reply to this message, and for further communications between Developing Infrastructure and myself. I understand that Developing Infrastructure will hold this data in accordance with their <a href=\"\/privacy\" target=\"_blank\">privacy&nbsp;policy<\/a>. This site is protected by reCAPTCHA and the Google <a href=\"https:\/\/policies.google.com\/privacy\">Privacy Policy<\/a> and <a href=\"https:\/\/policies.google.com\/terms\">Terms of Service<\/a> apply.<\/span><\/label><\/span><\/span><\/span>\n<\/p>\n<p id=\"send-message\"><input class=\"wpcf7-form-control wpcf7-submit has-spinner\" type=\"submit\" value=\"Send Message\" \/>\n<\/p><p style=\"display: none !important;\" class=\"akismet-fields-container\" data-prefix=\"_wpcf7_ak_\"><label>&#916;<textarea name=\"_wpcf7_ak_hp_textarea\" cols=\"45\" rows=\"8\" maxlength=\"100\"><\/textarea><\/label><input type=\"hidden\" id=\"ak_js_1\" name=\"_wpcf7_ak_js\" value=\"56\"\/><script>document.getElementById( \"ak_js_1\" ).setAttribute( \"value\", ( new Date() ).getTime() );<\/script><\/p><div class=\"wpcf7-response-output\" aria-hidden=\"true\"><\/div>\n<\/form>\n<\/div>\n\n","protected":false},"excerpt":{"rendered":"","protected":false},"author":2,"featured_media":0,"parent":0,"menu_order":0,"comment_status":"closed","ping_status":"closed","template":"","meta":{"footnotes":""},"class_list":["post-13","page","type-page","status-publish","hentry"],"_links":{"self":[{"href":"https:\/\/sinjins.com\/index.php?rest_route=\/wp\/v2\/pages\/13","targetHints":{"allow":["GET"]}}],"collection":[{"href":"https:\/\/sinjins.com\/index.php?rest_route=\/wp\/v2\/pages"}],"about":[{"href":"https:\/\/sinjins.com\/index.php?rest_route=\/wp\/v2\/types\/page"}],"author":[{"embeddable":true,"href":"https:\/\/sinjins.com\/index.php?rest_route=\/wp\/v2\/users\/2"}],"replies":[{"embeddable":true,"href":"https:\/\/sinjins.com\/index.php?rest_route=%2Fwp%2Fv2%2Fcomments&post=13"}],"version-history":[{"count":1,"href":"https:\/\/sinjins.com\/index.php?rest_route=\/wp\/v2\/pages\/13\/revisions"}],"predecessor-version":[{"id":299,"href":"https:\/\/sinjins.com\/index.php?rest_route=\/wp\/v2\/pages\/13\/revisions\/299"}],"wp:attachment":[{"href":"https:\/\/sinjins.com\/index.php?rest_route=%2Fwp%2Fv2%2Fmedia&parent=13"}],"curies":[{"name":"wp","href":"https:\/\/api.w.org\/{rel}","templated":true}]}}